hen (-107 - y)/(-2) + 4 is divided by 10?
8
Suppose -8*k + 0*k = -136. What is the remainder when -27*2/(-1) + -4 is divided by k?
16
Let i = 11 - 2. Let a = 65 - 45. Let q(x) = -x + 25. Calculate the remainder when i is divided by q(a).
4
Let o be 64/12*9/(-6). What is the remainder when 48 is divided by -2 + (21 - o/(-4))?
14
Let c be 12/(-42) - (-506)/7. Suppose -2*b - 2*b = -16. Let n = b + c. What is the remainder when n is divided by 26?
24
Suppose -2*p + 2*u = -84, -2*u + 57 = 3*p - 2*p. Let k(y) = y**3 - 20*y**2 + 38*y - 24. Calculate the remainder when p is divided by k(18).
11
Let j(d) = 2*d - 5. Let b be j(5). Suppose -34 = -2*r - 3*m + b*m, -r + 5*m = -33. What is the remainder when r is divided by (-5 - -17)/2*(-2)/(-4)?
1
Let q(a) = a**2 - 6. Suppose 2*s = -w - 3, -s = -5*w + 4*w + 6. Let v be q(s). Suppose 2 = v*d - 4. What is the remainder when 5 is divided by d?
1
Let x(f) = f**3 - 10*f**2 + 2*f - 9. Suppose 32 + 4 = 2*p. Let z = -8 + p. Calculate the remainder when 20 is divided by x(z).
9
Let a(x) = 36*x + 1. Let v = 0 + 1. Suppose -2*g - 5 = 1, -71 = -5*s + 2*g. Calculate the remainder when a(v) is divided by s.
11
Suppose 5*c = 4*x - 26, -x + 13 + 4 = -3*c. What is the remainder when 9 is divided by (-5)/(-2)*(-2)/c*6?
4
Let w(h) = 0 - 1 + 7 + 6*h. Calculate the remainder when 71 is divided by w(5).
35
Suppose 3*v = 3*o - 3, -3*v = -5*o + v + 2. Let w(h) = 18*h**2 + h - 2. What is the remainder when w(o) is divided by 14?
12
Suppose 129 = q + 21. Let m = q + -98. What is the remainder when 117 is divided by m?
7
Let l(b) = b**2 - b + 16. Let h be l(5). What is the remainder when ((-3*h)/2)/(-1) is divided by 11?
10
Let m be 12/90 + (-15068)/60. Let v = m + 380. What is the remainder when v is divided by 19?
15
Let y = -52 + 37. Let h = y - -51. Calculate the remainder when 143 is divided by h.
35
Suppose -4*w - 173 + 881 = 0. Calculate the remainder when w is divided by 31.
22
Let i(z) = -z**3 - 10*z**2 + z - 26. What is the remainder when i(-11) is divided by 8?
4
Calculate the remainder when 66 is divided by (-100)/(-24) + 3/(-18).
2
Let o = -13 + 54. What is the remainder when o is divided by -1 - (36*-1)/3?
8
Suppose -80 = 2*a - 7*a. Suppose 0*o - a = o. Let j = -12 - o. What is the remainder when 11 is divided by j?
3
Suppose -605 = -9*v - 2*v. Let k = v - -8. Calculate the remainder when k is divided by 16.
15
Let j be (-1)/(-2) - (-5)/2. Suppose 5*t + 48 = j*c + 2, -122 = -5*c - 3*t. What is the remainder when c is divided by 1/(5/39) + (-5)/(-25)?
6
Suppose 5*q - 5*u = 3*q + 61, -q + 5*u + 23 = 0. Let g(c) = c + 6. Calculate the remainder when q is divided by g(8).
10
Calculate the remainder when 115 is divided by (-2 + -8 + 6)*18/(-8).
7
Let f = -354 - -386. What is the remainder when 82 is divided by f?
18
Let g be (4 + -2 - 1)*15. Let y = 83 - g. Suppose -54*i + 59*i - 5*m = 95, 5*i - 2*m = 92. Calculate the remainder when y is divided by i.
14
Let j = 14 + -7. Let g = 9 + -5. Suppose -2*x + 3*x - g*z = 8, -9 = -3*x - 3*z. What is the remainder when j is divided by x?
3
Calculate the remainder when (49 - -67)*2/2 is divided by 12.
8
Let p = 16 + 27. Let o = 4 - -11. What is the remainder when p is divided by o?
13
Let u(j) = -34*j + 53. Calculate the remainder when 2412 is divided by u(1).
18
Let x = 91 - 63. What is the remainder when 4/4 - (-41 + -12) is divided by x?
26
Let w be 6 - (1 + 0 + 0). Suppose -w*f + 19 = -41. Suppose 3*t - 21 = -5*u, 6*u + 5*t - 19 = 3*u. Calculate the remainder when f is divided by u.
0
Suppose -3 = -5*q + 17. What is the remainder when 98 is divided by q?
2
Let i = 8 - -3. Suppose 1 = -2*t - 1. Let s = i - t. What is the remainder when 35 is divided by s?
11
Suppose 0 = -3*m - 9 + 24. Suppose -4*g + m*g = 6. Suppose -5*p + 39 = -g. Calculate the remainder when 35 is divided by p.
8
Let l(g) be the third derivative of g**6/40 - g**4/8 + 2*g**3/3 - 5*g**2. What is the remainder when (1 - 87)*((-15)/10)/3 is divided by l(2)?
21
Suppose -b - 113 = -3*t - 3*b, 0 = -t + 2*b + 27. Suppose 3 = 3*l + 5*h - 11, -2*l + 5*h + 26 = 0. Let g = 4 + l. What is the remainder when t is divided by g?
11
Let r be (203/(-28))/((-1)/8). Suppose -4*k + 4*z + 64 = 0, 3*k = -z + 6*z + r. Let a = 40 + -10. What is the remainder when a is divided by k?
8
Let u(j) = -j + 16. Let x be u(8). Suppose x = 4*d, 2*y - 3*d - 34 = 16. What is the remainder when y is divided by 9?
1
Suppose x - 16 = -4*p + 8, 0 = 4*x - 2*p - 96. Calculate the remainder when 57 is divided by x.
9
Suppose -3*z - 2*o = -3 + 1, 3*z + 4*o = -2. Suppose 19 = z*r - 15. Let w = r - -4. What is the remainder when 39 is divided by w?
18
Let p = -57 + 2. Let h = 100 + p. What is the remainder when h is divided by -2 + 0 - 2*-7?
9
Suppose -g = -11*g - 810. Let k(p) = -p + 6. Let i be k(0). What is the remainder when 78 is divided by g/i*-2 + 0?
24
Let d = 99 + -97. Suppose -d*q + 18 = -2. What is the remainder when 67 is divided by q?
7
Let z = 53 - 35. Calculate the remainder when 904/z + (-24)/108 is divided by 13.
11
Suppose 5*v + 1062 = -2*z, 3*z = 3*v + 524 - 2117. Calculate the remainder when z/(-21) + (-4)/14 is divided by 9.
7
Let g(f) = 6*f + 32. Let h be g(-5). Suppose -4*r = -2*r - 3*z - 71, h*r + 3*z = 65. Calculate the remainder when 134 is divided by r.
32
Suppose 20*n - 131 + 31 = 0. Let q = 1 + 6. What is the remainder when q is divided by n?
2
Suppose 782 + 158 = 20*o. Let t(q) = 2*q**2 + 5*q - 4. Calculate the remainder when o is divided by t(-4).
7
Suppose 5*b = 2*x + 84, 3 - 5 = x. Let k = b + -12. Suppose 19 = k*y + 3*m, m = 2*y + 5*m - 2. Calculate the remainder when 19 is divided by y.
5
Suppose -5*n = l - 2288, -877 = 3*n + 5*l - 2241. Suppose n = 5*f + 4*g - 0*g, 4*f - 370 = -2*g. Calculate the remainder when f is divided by 24.
22
Calculate the remainder when (6/(-2) - -2)*(0 - 71) is divided by (-156)/(-18) - (-2)/6.
8
What is the remainder when 174 is divided by ((-280)/16)/(6/48*-4)?
34
Let b(k) = 17*k - 13*k**2 - 20*k + 9*k**2 + 23 + 5*k**2. What is the remainder when b(13) is divided by 39?
36
Let f = -26 - -44. Calculate the remainder when (5 - 6) + 136/4 is divided by f.
15
Suppose -c + a = -95, -4*c + 281 + 105 = -2*a. Calculate the remainder when c is divided by 16.
2
Let k = 3482 - 3476. Calculate the remainder when (-1)/(((-3)/(-35))/(-3)) is divided by k.
5
Suppose -53 + 200 = 3*q. Suppose 57 = n - 3*z, 0 = n + 7*z - 2*z - q. What is the remainder when n is divided by 15?
9
Calculate the remainder when ((-7 + -1)/(-8))/(1/9) is divided by 4.
1
Suppose 5*y - y = 28. Suppose 2*j = 4*p - 8*p, -j - 3*p + 1 = 0. Let z = 7 + j. Calculate the remainder when y is divided by z.
2
Let x(d) = 74*d**2 - 3*d - 45. Calculate the remainder when x(-4) is divided by 15.
11
Let y = 39 + -36. Suppose 3*t + y*p - 7 = t, -p = 5. Calculate the remainder when 42 is divided by t.
9
Suppose -10*k = -4*a - 7*k + 110, -3*a + 5*k + 88 = 0. Calculate the remainder when 111 is divided by a.
7
Let b = 11 + -5. Suppose 400 = b*f - 134. Calculate the remainder when f is divided by 15.
14
What is the remainder when ((-79)/(-316))/(1/452) is divided by 50?
13
Let h = 259 - 229. What is the remainder when 57 is divided by h?
27
Let p = -19 - -27. Let q = p + 19. Suppose -j - 21 = -72. What is the remainder when j is divided by q?
24
Let i(j) = -j**3 - j**2 - 3*j - 7. Let m(y) = -y**3 + 6*y**2 - 4*y - 7. Let k be m(5). Calculate the remainder when i(-2) is divided by 1/(k/4) - -4.
1
Suppose -594 = -118*x + 107*x. Calculate the remainder when 112 is divided by x.
4
Suppose 37*u = 184*u - 6174. Suppose 5*a = -3*f + 623, f = -2*f + 4*a + 614. What is the remainder when f is divided by u?
38
Suppose -25 = 3*w + 2. Let k be (4/(-6))/(2/w). Calculate the remainder when (31/(-4) + k)*-4 is divided by 7.
5
Let l(z) = 5*z - 28. What is the remainder when l(49) is divided by 58?
43
Calculate the remainder when -13*4*(-407)/286 is divided by 41.
33
Suppose -3*o + 23 + 7 = 0. Let c(h) = -2*h**3 + 7*h**2 + 12*h - 4. Calculate the remainder when c(4) is divided by o.
8
Suppose -35 = 2*r - 41. Suppose 3*l - 4*l - 2*s = -19, 9 = r*s. Calculate the remainder when 38 is divided by l.
12
Suppose -a + 4*z = 4*a - 138, -a + 18 = -4*z. Let d = 55 - 47. Calcula